{"id":53,"date":"2018-08-13T14:42:00","date_gmt":"2018-08-13T14:42:00","guid":{"rendered":"https:\/\/neuroscienceandart.de\/?page_id=53"},"modified":"2018-08-13T14:53:28","modified_gmt":"2018-08-13T14:53:28","slug":"vortraege-am-institut-in-stuttgart-feuerbach","status":"publish","type":"page","link":"https:\/\/neuroscienceandart.de\/index.php\/vortraege-am-institut-in-stuttgart-feuerbach\/","title":{"rendered":"Vortr\u00e4ge am Institut in Stuttgart-Feuerbach"},"content":{"rendered":"<p>Im Institut in Stuttgart finden in regelm\u00e4\u00dfigen Abst\u00e4nden Vortr\u00e4ge statt, die einen Einblick in unsere Arbeitsweise geben. Grundlagen der EEG-spectralanalytischen Messung sowie die Anwendung der neuroaktiven CD werden dargestellt. Anhand von Messkurven werden Forschungsergebnisse aufgezeigt zu speziellen Fragestellungen wie Konzentrationsf\u00f6rderung, Optimierung von Lernen, Ursachen von Lernst\u00f6rungen und deren \u00dcberwindung.<\/p>\n<p>Diese Vortr\u00e4ge sind unter aktuelle Termine nicht aufgef\u00fchrt. Zu diesen Vortr\u00e4gen laden wir ein.<br \/>\nFalls Sie Interesse haben und an einem dieser Vortragsabende teilnehmen m\u00f6chten, nehmen sie <a href=\"https:\/\/neuroscienceandart.de\/index.php\/kontakt\/\"><strong>Kontakt<\/strong><\/a> mit uns auf.<br \/>\nWir nehmen Sie in unseren Verteiler auf und informieren Sie \u00fcber die n\u00e4chsten Termine.<\/p>\n","protected":false},"excerpt":{"rendered":"<p>Im Institut in Stuttgart finden in regelm\u00e4\u00dfigen Abst\u00e4nden Vortr\u00e4ge statt, die einen Einblick in unsere Arbeitsweise geben. Grundlagen der EEG-spectralanalytischen Messung sowie die Anwendung der neuroaktiven CD werden dargestellt. Anhand von Messkurven werden Forschungsergebnisse aufgezeigt zu speziellen Fragestellungen wie Konzentrationsf\u00f6rderung, Optimierung von Lernen, Ursachen von Lernst\u00f6rungen und deren \u00dcberwindung. Diese Vortr\u00e4ge sind unter aktuelle Termine &#8230; <a title=\"Vortr\u00e4ge am Institut in Stuttgart-Feuerbach\" class=\"read-more\" href=\"https:\/\/neuroscienceandart.de\/index.php\/vortraege-am-institut-in-stuttgart-feuerbach\/\" aria-label=\"Mehr Informationen \u00fcber Vortr\u00e4ge am Institut in Stuttgart-Feuerbach\">Weiterlesen<\/a><\/p>\n","protected":false},"author":1,"featured_media":0,"parent":0,"menu_order":0,"comment_status":"closed","ping_status":"closed","template":"","meta":{"footnotes":""},"class_list":["post-53","page","type-page","status-publish"],"aioseo_notices":[],"_links":{"self":[{"href":"https:\/\/neuroscienceandart.de\/index.php\/wp-json\/wp\/v2\/pages\/53","targetHints":{"allow":["GET"]}}],"collection":[{"href":"https:\/\/neuroscienceandart.de\/index.php\/wp-json\/wp\/v2\/pages"}],"about":[{"href":"https:\/\/neuroscienceandart.de\/index.php\/wp-json\/wp\/v2\/types\/page"}],"author":[{"embeddable":true,"href":"https:\/\/neuroscienceandart.de\/index.php\/wp-json\/wp\/v2\/users\/1"}],"replies":[{"embeddable":true,"href":"https:\/\/neuroscienceandart.de\/index.php\/wp-json\/wp\/v2\/comments?post=53"}],"version-history":[{"count":2,"href":"https:\/\/neuroscienceandart.de\/index.php\/wp-json\/wp\/v2\/pages\/53\/revisions"}],"predecessor-version":[{"id":67,"href":"https:\/\/neuroscienceandart.de\/index.php\/wp-json\/wp\/v2\/pages\/53\/revisions\/67"}],"wp:attachment":[{"href":"https:\/\/neuroscienceandart.de\/index.php\/wp-json\/wp\/v2\/media?parent=53"}],"curies":[{"name":"wp","href":"https:\/\/api.w.org\/{rel}","templated":true}]}}