{"id":6,"date":"2018-07-30T17:48:32","date_gmt":"2018-07-30T17:48:32","guid":{"rendered":"https:\/\/neuroscienceandart.de\/?page_id=6"},"modified":"2025-10-24T07:29:43","modified_gmt":"2025-10-24T07:29:43","slug":"willkommen-auf-unserer-homepage","status":"publish","type":"page","link":"https:\/\/neuroscienceandart.de\/","title":{"rendered":"Willkommen,"},"content":{"rendered":"<p style=\"text-align: left;\"><strong>Neuroscience and Art e.V. <\/strong>\u00a0wurde 2018 von G\u00fcnter Haffelder gegr\u00fcndet mit dem Ziel, dass sein Lebenswerk, seine Arbeit und seine Erkenntnisse fortgef\u00fchrt werden k\u00f6nnen.<\/p>\n<p style=\"text-align: left;\"><strong>Zum Lebenswerk von G\u00fcnter Haffelder:<br \/>\n<\/strong>G\u00fcnter Haffelder hat als Physiker, Psychologe, Psychoanalytiker und Gehirnforscher sein Leben lang geforscht, um Menschen in ihrem Entwicklungsprozess zu unterst\u00fctzen.<br \/>\n1998 hat er in Stuttgart das <strong>Institut f\u00fcr Kommunikation und <\/strong><strong>Gehirnforschung<\/strong> er\u00f6ffnet. Die Grundlagenforschung, die Entwicklung der Messmethode, die Erkenntnisse aus unseren vielf\u00e4ltigen Forschungsprojekten zur Funktionsweise des Gehirns und deren empirische \u00dcberpr\u00fcfung hatte bereits viele Jahre fr\u00fcher begonnen.<br \/>\nIns Institut kamen Menschen aus aller Welt f\u00fcr individuelle Messungen zur Erstellung der neuroaktiven Musik, aber auch f\u00fcr Forschung und gemeinsame Projekte. Die vergangenen 20 Jahre arbeiteten wir als Team mit Mitarbeitern aus den Bereichen P\u00e4dagogik, Biologie, Psychologie, Medizin, Soziologie, Musik, Sprachen und Kommunikation.<\/p>\n<p style=\"text-align: left;\"><strong><br \/>\nNeuroscience and Art e.V.<br \/>\n<\/strong>Nach G\u00fcnter Haffelders Tod im Jahre 2018 f\u00fchrt der Verein Neuroscience and Art e.V. die Arbeit in seinem Sinne fort. Mitarbeiterinnen, die mit ihm zusammen das <strong>Institut f\u00fcr Kommunikation und Gehirnforschung<\/strong> aufgebaut haben, engagieren sich daf\u00fcr, dass sein Lebenswerk weiterhin vielen Menschen zur Verf\u00fcgung stehen kann.<\/p>\n","protected":false},"excerpt":{"rendered":"<p>Neuroscience and Art e.V. \u00a0wurde 2018 von G\u00fcnter Haffelder gegr\u00fcndet mit dem Ziel, dass sein Lebenswerk, seine Arbeit und seine Erkenntnisse fortgef\u00fchrt werden k\u00f6nnen. Zum Lebenswerk von G\u00fcnter Haffelder: G\u00fcnter Haffelder hat als Physiker, Psychologe, Psychoanalytiker und Gehirnforscher sein Leben lang geforscht, um Menschen in ihrem Entwicklungsprozess zu unterst\u00fctzen. 1998 hat er in Stuttgart das &#8230; <a title=\"Willkommen,\" class=\"read-more\" href=\"https:\/\/neuroscienceandart.de\/\" aria-label=\"Mehr Informationen \u00fcber Willkommen,\">Weiterlesen<\/a><\/p>\n","protected":false},"author":1,"featured_media":0,"parent":0,"menu_order":0,"comment_status":"closed","ping_status":"closed","template":"","meta":{"footnotes":""},"class_list":["post-6","page","type-page","status-publish"],"aioseo_notices":[],"_links":{"self":[{"href":"https:\/\/neuroscienceandart.de\/index.php\/wp-json\/wp\/v2\/pages\/6","targetHints":{"allow":["GET"]}}],"collection":[{"href":"https:\/\/neuroscienceandart.de\/index.php\/wp-json\/wp\/v2\/pages"}],"about":[{"href":"https:\/\/neuroscienceandart.de\/index.php\/wp-json\/wp\/v2\/types\/page"}],"author":[{"embeddable":true,"href":"https:\/\/neuroscienceandart.de\/index.php\/wp-json\/wp\/v2\/users\/1"}],"replies":[{"embeddable":true,"href":"https:\/\/neuroscienceandart.de\/index.php\/wp-json\/wp\/v2\/comments?post=6"}],"version-history":[{"count":38,"href":"https:\/\/neuroscienceandart.de\/index.php\/wp-json\/wp\/v2\/pages\/6\/revisions"}],"predecessor-version":[{"id":982,"href":"https:\/\/neuroscienceandart.de\/index.php\/wp-json\/wp\/v2\/pages\/6\/revisions\/982"}],"wp:attachment":[{"href":"https:\/\/neuroscienceandart.de\/index.php\/wp-json\/wp\/v2\/media?parent=6"}],"curies":[{"name":"wp","href":"https:\/\/api.w.org\/{rel}","templated":true}]}}